 = -3*b - 17. Determine u(-6).
1
Let y(d) = -d**2 + d - 10. Give y(3).
-16
Let q(w) = -w**3 + 6*w**2 - 4*w + 1. Calculate q(5).
6
Let y(k) = -k**3 - 2*k**2 + 38*k - 16. Determine y(5).
-1
Let b(a) = a**3 - 6*a**2 - 6. Calculate b(5).
-31
Let v(o) = -9*o - 1. Determine v(-1).
8
Let y(j) = j - 19. Calculate y(13).
-6
Let d(a) = 7*a + 15. Give d(-4).
-13
Let q(f) = -5*f + 17. Determine q(5).
-8
Let h(y) = 2*y + 7. Calculate h(-6).
-5
Let h(r) = -2*r + 25. Determine h(11).
3
Let u(q) = q**2 + 74*q - 556. Calculate u(-81).
11
Let m(f) = 10*f + 6. Determine m(-2).
-14
Let u(g) = 5*g**3 - 2*g**2 + g - 2. Give u(2).
32
Let s(w) = 5*w**3 + 33*w**2 - 8*w + 34. Give s(-7).
-8
Let z(m) = m**2 + 45*m - 318. What is z(-51)?
-12
Let x(o) = -o**2 + 11*o - 22. Give x(8).
2
Let r(m) = -6*m**2 - 4*m + 2. Give r(-2).
-14
Let p(a) = -11*a - 20. Determine p(-8).
68
Let s(y) = -38*y - 23. Calculate s(0).
-23
Let g(h) = h**2 + 21*h + 46. Give g(-17).
-22
Let x(o) = o**3 - 23*o**2 - 45*o - 115. Determine x(25).
10
Let m(o) = -o**3 - 6*o**2 - 4*o - 11. Calculate m(-5).
-16
Let l(m) = -4*m - 28. Calculate l(-6).
-4
Let o(k) = -k**3 + 18*k**2 + 38*k + 43. Give o(20).
3
Let y(b) = -13*b - 22. What is y(-3)?
17
Let y(d) = d**2 + 16*d + 51. Give y(-13).
12
Let w(s) = -7*s - 9. Give w(4).
-37
Let o(p) = 7*p + 187. Determine o(-26).
5
Let g(a) = -a**2 + 18*a - 72. What is g(6)?
0
Let g(t) = -t**3 - 28*t**2 + 6*t + 177. Determine g(-28).
9
Let u(r) = -16*r + 6. Calculate u(3).
-42
Let k(w) = 2*w - 7. What is k(-5)?
-17
Let t(w) = -7*w**2 - w + 4. What is t(2)?
-26
Let m(x) = x**2 - 4. Calculate m(0).
-4
Let j(y) = -26*y - 104. What is j(-4)?
0
Let b(a) = a**2 + a + 6. Give b(3).
18
Let c(p) = -14*p - 32. Determine c(-3).
10
Let i(r) = r - 3. What is i(14)?
11
Let r(o) = -o**2 + 31*o - 158. What is r(25)?
-8
Let w(x) = x**3 + 18*x**2 + 27*x + 154. Determine w(-17).
-16
Let p(c) = -c**2 + 112*c - 327. What is p(3)?
0
Let l(h) = h + 26. Determine l(0).
26
Let j(s) = s**3 - 4*s**2 - s - 4. Give j(3).
-16
Let d(c) = c**3 + 34*c**2 + 72*c + 253. Determine d(-32).
-3
Let l(t) = -t**2 + t - 1. Give l(2).
-3
Let t(i) = 7*i - 102. Determine t(8).
-46
Let g(r) = -r**2 + 149. Determine g(-12).
5
Let w(y) = -8*y - 1. Determine w(3).
-25
Let p(i) = 10*i - 20. What is p(1)?
-10
Let d(s) = s**3 - 8*s**2 - 2*s + 16. Give d(7).
-47
Let s(b) = -b**3 + 8*b**2 - 2*b + 7. Calculate s(8).
-9
Let y(p) = -p**2 + 5*p + 18. Determine y(8).
-6
Let s(g) = 9*g + 75. What is s(9)?
156
Let n(q) = -10*q - 108. Calculate n(-10).
-8
Let o(t) = -5*t**2 - 6*t + 1. Calculate o(3).
-62
Let q(d) = -28*d + 123. Calculate q(4).
11
Let i(p) = p**3 - 27*p**2 + 2*p + 37. What is i(27)?
91
Let o(a) = -a**3 + 12*a**2 - 13*a + 9. What is o(11)?
-13
Let o(h) = -h**3 - h**2 + h + 23. Calculate o(0).
23
Let g(t) = t**3 - 8*t**2 + 6*t. Determine g(3).
-27
Let c(i) = i**3 - 3*i**2 - 13*i + 17. Give c(5).
2
Let l(c) = c**2 + 16*c - 4. Calculate l(-13).
-43
Let s(m) = -2*m**2 + 5*m + 6. Determine s(3).
3
Let g(h) = 41*h - 34. Determine g(1).
7
Let d(a) = a**3 - 5*a**2 + a - 4. Determine d(6).
38
Let k(c) = -c + 16. What is k(-12)?
28
Let a(d) = 2*d + 13. Calculate a(-3).
7
Let w(k) = -3*k**2 - 4*k + 2. Determine w(1).
-5
Let x(v) = 7*v - 63. Calculate x(8).
-7
Let y(w) = w + 8. Calculate y(-8).
0
Let j(r) = -r**3 - 3*r**2 + 6*r - 2. Calculate j(-5).
18
Let m(b) = 2*b - 28. Calculate m(14).
0
Let w(y) = -y**3 - 8*y**2 - 6*y + 7. What is w(-8)?
55
Let w(r) = -4*r - 3. Determine w(0).
-3
Let b(y) = -y**3 + 14*y**2 - 14*y + 12. Determine b(13).
-1
Let g(y) = -y - 9. Give g(-6).
-3
Let o(a) = -29*a + 7. Calculate o(1).
-22
Let c(s) = 5*s**2 + s. Give c(1).
6
Let t(r) = 2*r**2 - 7*r - 2. Calculate t(6).
28
Let p(g) = 3*g**2 + 7*g. Calculate p(-3).
6
Let w(r) = -r**2 - 9*r - 11. Determine w(-4).
9
Let u(b) = -70*b + 345. Calculate u(5).
-5
Let h(g) = -94*g**2 - 1. What is h(1)?
-95
Let r(d) = d**3 + 8*d**2 - 7*d + 21. Give r(-9).
3
Let w(t) = 6*t - 20. Determine w(4).
4
Let l(b) = -b**3 - 6*b**2 - b - 7. Determine l(-5).
-27
Let m(l) = -l**2 - 13*l + 2. Give m(8).
-166
Let m(b) = -b**3 - 6*b**2 - b - 7. What is m(-5)?
-27
Let p(q) = q**2 - 10*q + 21. Give p(7).
0
Let s(w) = -24*w**2 - 2*w - 1. Give s(-1).
-23
Let g(d) = d**3 - d - 3. Give g(0).
-3
Let f(i) = i**2 + 18*i - 70. Give f(-22).
18
Let k(i) = -i + 6. Give k(-8).
14
Let b(o) = o**3 + 10*o**2 + 15*o - 19. Calculate b(-8).
-11
Let m(l) = -5*l - 11. Give m(-10).
39
Let i(q) = 45*q - 179. Determine i(4).
1
Let p(k) = k**2 - 9*k + 10. Calculate p(6).
-8
Let r(h) = 3*h**2 + 2*h - 3. Determine r(2).
13
Let v(b) = 3*b**2 + 3*b + 1. Calculate v(-2).
7
Let k(y) = 14*y - 3. Determine k(-2).
-31
Let o(f) = -8*f**2 + 4*f - 2. Calculate o(1).
-6
Let q(v) = v**2 + 42. Calculate q(0).
42
Let b(y) = -y**2 - 11*y + 14. Give b(-12).
2
Let h(y) = y**3 - 5*y + 3. Determine h(3).
15
Let l(g) = -18*g + 81. Give l(7).
-45
Let i(d) = -8*d - 3. Give i(-1).
5
Let h(b) = b**3 - 6*b**2 + 2*b + 16. Calculate h(6).
28
Let i(o) = o - 4. Calculate i(8).
4
Let v(d) = 4*d - 32. Calculate v(9).
4
Let j(d) = d**3 - 17*d**2 + 5*d - 80. What is j(17)?
5
Let d(q) = q**3 - 12*q**2 - 14*q + 16. Calculate d(13).
3
Let b(s) = s**3 - 2*s**2 + 3*s - 2. Give b(2).
4
Let i(n) = 50*n - 17. Give i(4).
183
Let z(t) = -3*t**2 + 4*t + 10. Determine z(-4).
-54
Let a(b) = -66*b**2 - 4*b + 7. Determine a(2).
-265
Let l(b) = -7*b + 19. Determine l(2).
5
Let v(d) = d**3 - 9*d**2 + 3*d - 13. Determine v(9).
14
Let r(c) = -37*c + 213. What is r(6)?
-9
Let u(w) = -w**2 + w + 85. Determine u(-9).
-5
Let c(m) = m**2 + 14*m + 10. Determine c(-7).
-39
Let y(c) = -2*c**3 - 7*c**2 - 6*c + 11. Calculate y(-3).
20
Let z(l) = 4*l**2 + 13*l + 8. Determine z(-4).
20
Let f(y) = y**2 - 23*y + 42. What is f(20)?
-18
Let d(m) = -m**2 - 10*m - 3. What is d(-11)?
-14
Let n(o) = o + 3. Give n(-3).
0
Let n(j) = -2*j - 58. Calculate n(-13).
-32
Let g(y) = -y**2 + y + 75. What is g(10)?
-15
Let o(q) = -q + 3. Determine o(-6).
9
Let h(r) = r**2 - r - 14. What is h(-10)?
96
Let y(o) = -o**3 - 4*o**2 - o - 3. Determine y(-3).
-9
Let i(f) = f**3 - 3*f**2 + 2. Determine i(3).
2
Let m(q) = q**3 - 9*q**2 + 38*q - 166. What is m(7)?
2
Let l(t) = t**3 + 10*t**2 - 17*t - 21. What is l(-11)?
45
Let h(s) = 99*s + 594. Determine h(-6).
0
Let y(b) = -2*b + 114. What is y(0)?
114
Let d(m) = m - 1. Give d(1).
0
Let a(g) = -5*g + 63. What is a(14)?
-7
Let l(g) = 5*g + 32. Determine l(-7).
-3
Let o(r) = 3*r - 50. What is o(18)?
4
Let f(x) = -x**2 + 2*x - 26. Give f(0).
-26
Let x(i) = -i**3 + 4*i**2 + 5*i + 20. Give x(7).
-92
Let o(m) = -m**3 - 4*m**2 + 7*m + 8. Calculate o(-5).
-2
Let d(k) = k**3 - 11*k**2 + 21*k - 12. Calculate d(9).
15
Let t(m) = -4*m**2 - 3*m + 4. Give t(3).
-41
Let z(y) = -y**2 - 6*y - 13. Give z(-2).
-5
Let u(l) = l**2 + l + 1. What is u(4)?
21
Let j(w) = -2*w**2 + 3*w + 4. Calculate j(4).
-16
Let f(t) = -8*t + 22. Determine f(3).
-2
Let c(u) = -8*u + 3. Determine c(-1).
11
Let w(o) = -o**3 - 5*o**2 + 3*o + 5. Give w(-4).
-23
Let y(s) = s**3 + 9*s**2 + 3. Give y(-9).
3
Let v(y) = y**3 + 7*y**2 + 5*y - 7. Calculate v(-6).
-1
Let d(u) = -u**3 + 3*u**2 + 4*u + 2. Determine d(5).
-28
Let t(w) = -w**2 + 32*w - 116. What is t(28)?
-4
Let d(g) = g**3 + 46*g**2 + 5*g + 226. Calculate d(-46).
-4
Let h(p) = 2*p**2 - 13*p + 13. What is h(6)?
7
Let o(p) = p**3 + 2*p**2 + p. Determine o(-1).
0
Let r(k) = 20*k - 41. Determine r(2).
-1
Let m(v) = -v**2 + 19*v - 25. Determine m(8).
63
Let i(u) = u**3 - u**2 - 6*u + 6. Give i(4).
30
Let q(f) = 2*f + 10. What is q(-7)?
-4
Let d(w) = -4*w - 29. Determine d(-9).
7
Let p(u) = u - 17. What is p(-4)?
-21
Let k(v) = 3*v**2 + 32*v - 87. Calculate k(-13).
4
Let f(s) = 13*s - 1. Calculate f(1).
12
Let z(u) = u**3 + 8*u**2 - 3*u - 10. Give z(-8).
14
Let q(s) = 18*s + 1275. What is q(-71)?
-3
Let c(d) = -d**2 + 11*d - 9. What is c(6)?
21
Let m(h) = 2*h**2 + 27*h + 88. Give m(-3).
25
Let d(c) = -c**2 + 19. Determine d(-5).
-6
Let f(m) = m**2 + 10*m + 26. Determine f(-5).
1
Let o(t) = -t**3 + 4*t**2 + 7*t - 8. Calculate o(5).
2
Let w(i) = -i**3 + 12*i**2 + 13*i + 42. Determine w(13).
42
Let u(w) = w**3 - 9*w**2 - 5*w + 33. Calculate u(8).
-71
Let n(g) = g**3 + 5*g**2 - 3*g + 3. Give n(-6).
-15
Let f(k) = k + 10. Determine f(-8).
2